{"id":19,"date":"2025-07-23T18:33:19","date_gmt":"2025-07-23T18:33:19","guid":{"rendered":"https:\/\/ateliercoeursetames.fr\/?page_id=19"},"modified":"2025-07-23T18:33:19","modified_gmt":"2025-07-23T18:33:19","slug":"photographies","status":"publish","type":"page","link":"https:\/\/ateliercoeursetames.fr\/?page_id=19","title":{"rendered":"Photographies"},"content":{"rendered":"\n<p><strong>Photographe d\u2019Art, je capture la lumi\u00e8re silencieuse des instants vrais, des gestes oubli\u00e9s, des paysages habit\u00e9s.<\/strong><br>\u00c0 travers mon regard, je cherche \u00e0 r\u00e9v\u00e9ler la beaut\u00e9 du monde \u2014 celle qui \u00e9meut, qui raconte, qui relie.<br>Chaque photographie est pour moi un acte de m\u00e9moire et de lumi\u00e8re.<br>Je parcours le monde, proche ou lointain, en qu\u00eate d\u2019instants suspendus, de traditions vivantes, de beaut\u00e9s discr\u00e8tes que le temps emporte trop vite.<\/p>\n\n\n\n<p>Mon regard s\u2019attarde l\u00e0 o\u00f9 l\u2019\u00e2me se r\u00e9v\u00e8le : un vieux mur qui murmure, une main qui transmet, un paysage qui respire.<br>Mon objectif : faire vibrer le sensible, r\u00e9veiller l\u2019\u00e9motion, pr\u00e9server la trace.<\/p>\n\n\n\n<p><strong>Ma d\u00e9marche : Semer l&rsquo;Art au quotidien <\/strong><\/p>\n\n\n\n<p>Pour moi, il ne s&rsquo;agit pas de r\u00e9server mes images \u00e0 quelques initi\u00e9s, mais au contraire de partager la beaut\u00e9 de notre monde avec le plus grand nombre. De semer, des fragments d&rsquo;\u00e9merveillement \u00e0 glisser dans une enveloppe, \u00e0 emporter dans un carnet, \u00e0 offrir ou \u00e0 garder pr\u00e8s de soi&#8230; parce que chaque image de notre monde est aussi un fragment de notre histoire \u00e0 cueillir, \u00e0 partager, \u00e0 pr\u00e9server.<\/p>\n\n\n\n<p>Ce que je vous propose :<\/p>\n\n\n\n<ul class=\"wp-block-list\">\n<li>Photos d&rsquo;Art : tirages limit\u00e9s, num\u00e9rot\u00e9s et sign\u00e9s, sur papiers de qualit\u00e9, encadr\u00e9s avec soin et accompagn\u00e9s d&rsquo;un certificat d&rsquo;authenticit\u00e9.<\/li>\n\n\n\n<li>Papeterie inspirante : Carnets de notes, cartes, calendriers, agendas<\/li>\n<\/ul>\n\n\n\n<figure class=\"wp-block-gallery has-nested-images columns-default is-cropped wp-block-gallery-1 is-layout-flex wp-block-gallery-is-layout-flex\">\n<figure class=\"wp-block-image size-large\"><img loading=\"lazy\" decoding=\"async\" width=\"1001\" height=\"1024\" data-id=\"20\" src=\"https:\/\/ateliercoeursetames.fr\/wp-content\/uploads\/2025\/07\/6C4A0896B-1001x1024.jpg\" alt=\"\" class=\"wp-image-20\" srcset=\"https:\/\/ateliercoeursetames.fr\/wp-content\/uploads\/2025\/07\/6C4A0896B-1001x1024.jpg 1001w, https:\/\/ateliercoeursetames.fr\/wp-content\/uploads\/2025\/07\/6C4A0896B-293x300.jpg 293w, https:\/\/ateliercoeursetames.fr\/wp-content\/uploads\/2025\/07\/6C4A0896B-768x785.jpg 768w, https:\/\/ateliercoeursetames.fr\/wp-content\/uploads\/2025\/07\/6C4A0896B.jpg 1190w\" sizes=\"auto, (max-width: 1001px) 100vw, 1001px\" \/><\/figure>\n\n\n\n<figure class=\"wp-block-image size-large\"><img loading=\"lazy\" decoding=\"async\" width=\"1024\" height=\"913\" data-id=\"23\" src=\"https:\/\/ateliercoeursetames.fr\/wp-content\/uploads\/2025\/07\/6C4A0675-1024x913.jpg\" alt=\"\" class=\"wp-image-23\" srcset=\"https:\/\/ateliercoeursetames.fr\/wp-content\/uploads\/2025\/07\/6C4A0675-1024x913.jpg 1024w, https:\/\/ateliercoeursetames.fr\/wp-content\/uploads\/2025\/07\/6C4A0675-300x267.jpg 300w, https:\/\/ateliercoeursetames.fr\/wp-content\/uploads\/2025\/07\/6C4A0675-768x685.jpg 768w, https:\/\/ateliercoeursetames.fr\/wp-content\/uploads\/2025\/07\/6C4A0675-1536x1370.jpg 1536w, https:\/\/ateliercoeursetames.fr\/wp-content\/uploads\/2025\/07\/6C4A0675-2048x1826.jpg 2048w\" sizes=\"auto, (max-width: 1024px) 100vw, 1024px\" \/><\/figure>\n\n\n\n<figure class=\"wp-block-image size-large\"><img loading=\"lazy\" decoding=\"async\" width=\"1024\" height=\"997\" data-id=\"21\" src=\"https:\/\/ateliercoeursetames.fr\/wp-content\/uploads\/2025\/07\/200729_EscargotQuiberon-1024x997.jpg\" alt=\"\" class=\"wp-image-21\" srcset=\"https:\/\/ateliercoeursetames.fr\/wp-content\/uploads\/2025\/07\/200729_EscargotQuiberon-1024x997.jpg 1024w, https:\/\/ateliercoeursetames.fr\/wp-content\/uploads\/2025\/07\/200729_EscargotQuiberon-300x292.jpg 300w, https:\/\/ateliercoeursetames.fr\/wp-content\/uploads\/2025\/07\/200729_EscargotQuiberon-768x748.jpg 768w, https:\/\/ateliercoeursetames.fr\/wp-content\/uploads\/2025\/07\/200729_EscargotQuiberon-1536x1496.jpg 1536w, https:\/\/ateliercoeursetames.fr\/wp-content\/uploads\/2025\/07\/200729_EscargotQuiberon-2048x1994.jpg 2048w\" sizes=\"auto, (max-width: 1024px) 100vw, 1024px\" \/><\/figure>\n\n\n\n<figure class=\"wp-block-image size-large\"><img loading=\"lazy\" decoding=\"async\" width=\"1009\" height=\"1024\" data-id=\"22\" src=\"https:\/\/ateliercoeursetames.fr\/wp-content\/uploads\/2025\/07\/201018_Amanite_Sologne-1009x1024.jpg\" alt=\"\" class=\"wp-image-22\" srcset=\"https:\/\/ateliercoeursetames.fr\/wp-content\/uploads\/2025\/07\/201018_Amanite_Sologne-1009x1024.jpg 1009w, https:\/\/ateliercoeursetames.fr\/wp-content\/uploads\/2025\/07\/201018_Amanite_Sologne-296x300.jpg 296w, https:\/\/ateliercoeursetames.fr\/wp-content\/uploads\/2025\/07\/201018_Amanite_Sologne-768x780.jpg 768w, https:\/\/ateliercoeursetames.fr\/wp-content\/uploads\/2025\/07\/201018_Amanite_Sologne-1513x1536.jpg 1513w, https:\/\/ateliercoeursetames.fr\/wp-content\/uploads\/2025\/07\/201018_Amanite_Sologne-2018x2048.jpg 2018w\" sizes=\"auto, (max-width: 1009px) 100vw, 1009px\" \/><\/figure>\n\n\n\n<figure class=\"wp-block-image size-large\"><img loading=\"lazy\" decoding=\"async\" width=\"1024\" height=\"683\" data-id=\"24\" src=\"https:\/\/ateliercoeursetames.fr\/wp-content\/uploads\/2025\/07\/6C4A0254-1024x683.jpg\" alt=\"\" class=\"wp-image-24\" srcset=\"https:\/\/ateliercoeursetames.fr\/wp-content\/uploads\/2025\/07\/6C4A0254-1024x683.jpg 1024w, https:\/\/ateliercoeursetames.fr\/wp-content\/uploads\/2025\/07\/6C4A0254-300x200.jpg 300w, https:\/\/ateliercoeursetames.fr\/wp-content\/uploads\/2025\/07\/6C4A0254-768x512.jpg 768w, https:\/\/ateliercoeursetames.fr\/wp-content\/uploads\/2025\/07\/6C4A0254-1536x1024.jpg 1536w, https:\/\/ateliercoeursetames.fr\/wp-content\/uploads\/2025\/07\/6C4A0254-2048x1365.jpg 2048w, https:\/\/ateliercoeursetames.fr\/wp-content\/uploads\/2025\/07\/6C4A0254-150x100.jpg 150w, https:\/\/ateliercoeursetames.fr\/wp-content\/uploads\/2025\/07\/6C4A0254-330x220.jpg 330w, https:\/\/ateliercoeursetames.fr\/wp-content\/uploads\/2025\/07\/6C4A0254-420x280.jpg 420w, https:\/\/ateliercoeursetames.fr\/wp-content\/uploads\/2025\/07\/6C4A0254-510x340.jpg 510w\" sizes=\"auto, (max-width: 1024px) 100vw, 1024px\" \/><\/figure>\n<\/figure>\n","protected":false},"excerpt":{"rendered":"<p>Photographe d\u2019Art, je capture la lumi\u00e8re silencieuse des instants vrais, des gestes oubli\u00e9s, des paysages habit\u00e9s.\u00c0 travers mon regard, je cherche \u00e0 r\u00e9v\u00e9ler la beaut\u00e9 du monde \u2014 celle qui \u00e9meut, qui raconte, qui relie.Chaque photographie est pour moi un acte de m\u00e9moire et de lumi\u00e8re.Je parcours le monde, proche ou lointain, en qu\u00eate d\u2019instants suspendus, de traditions vivantes, de beaut\u00e9s discr\u00e8tes que le temps emporte trop vite. Mon regard s\u2019attarde l\u00e0 o\u00f9 l\u2019\u00e2me se r\u00e9v\u00e8le : un vieux mur&#8230;<\/p>\n<p class=\"read-more\"><a class=\"btn btn-default\" href=\"https:\/\/ateliercoeursetames.fr\/?page_id=19\">Lire la suite<span class=\"screen-reader-text\"> Lire la suite<\/span><\/a><\/p>\n","protected":false},"author":1,"featured_media":0,"parent":0,"menu_order":0,"comment_status":"closed","ping_status":"closed","template":"","meta":{"footnotes":""},"class_list":["post-19","page","type-page","status-publish","hentry"],"_links":{"self":[{"href":"https:\/\/ateliercoeursetames.fr\/index.php?rest_route=\/wp\/v2\/pages\/19","targetHints":{"allow":["GET"]}}],"collection":[{"href":"https:\/\/ateliercoeursetames.fr\/index.php?rest_route=\/wp\/v2\/pages"}],"about":[{"href":"https:\/\/ateliercoeursetames.fr\/index.php?rest_route=\/wp\/v2\/types\/page"}],"author":[{"embeddable":true,"href":"https:\/\/ateliercoeursetames.fr\/index.php?rest_route=\/wp\/v2\/users\/1"}],"replies":[{"embeddable":true,"href":"https:\/\/ateliercoeursetames.fr\/index.php?rest_route=%2Fwp%2Fv2%2Fcomments&post=19"}],"version-history":[{"count":1,"href":"https:\/\/ateliercoeursetames.fr\/index.php?rest_route=\/wp\/v2\/pages\/19\/revisions"}],"predecessor-version":[{"id":25,"href":"https:\/\/ateliercoeursetames.fr\/index.php?rest_route=\/wp\/v2\/pages\/19\/revisions\/25"}],"wp:attachment":[{"href":"https:\/\/ateliercoeursetames.fr\/index.php?rest_route=%2Fwp%2Fv2%2Fmedia&parent=19"}],"curies":[{"name":"wp","href":"https:\/\/api.w.org\/{rel}","templated":true}]}}